i be (-343)/x + (-1)/(-2). Let h be (-4)/10 + 835/i. Calculate the highest common divisor of h and 11.
11
Let n = -35 + 6. Let b = n + 30. What is the highest common factor of 1 and b?
1
Let a(i) = i**3 - 4*i**2 + 8*i + 5. Let v be a(5). Calculate the greatest common factor of 14 and v.
14
Suppose 5*f - 134 = -5*h + 271, -5*f = -25. Calculate the highest common divisor of 133 and h.
19
Suppose 10*h + 1212 = 1482. Calculate the greatest common factor of 15 and h.
3
Suppose 4*r - 504 = -5*r. What is the highest common factor of r and 14?
14
Let j(k) be the second derivative of -5*k**3/6 - 3*k**2/2 + 6*k. Let n = -6 - -3. Let y be j(n). What is the greatest common factor of 108 and y?
12
Let r(o) = o**3 - 7*o**2 + 418. Let l be r(0). What is the greatest common factor of 44 and l?
22
Suppose 4*q - 208 = -3*x, 0 = 2*x - 2*q - 52 - 110. What is the greatest common divisor of x and 266?
38
Suppose 3*t - 6*t + 21 = 0. Let c(s) = 0*s**2 + 5 + s**2 + 7*s - t*s. Let o be c(-4). What is the highest common factor of 7 and o?
7
Suppose 0 = 7*z - 34*z + 7560. Calculate the greatest common factor of 35 and z.
35
Suppose -4*g - g = 0, -g + 198 = 3*v. What is the highest common divisor of 44 and v?
22
Let g be 56/(-16) + 3/(-2). Let k = 0 - g. Suppose -k*v = 3*i - 154 + 17, 177 = 3*i - 3*v. What is the highest common divisor of i and 135?
27
Let r(d) = -2*d**2 + 11*d + 15. Let t be r(0). Calculate the highest common divisor of 303 and t.
3
Let l(r) = r**2 + 10*r + 15. Let t(a) = 2*a**3 + 2*a**2 + a + 1. Let n be t(-2). Let h be l(n). What is the greatest common factor of 2 and h?
2
Let z be (-2)/3*-6*3. Let u = -655 - -787. What is the greatest common factor of z and u?
12
Suppose 3*m - 8 = -2. Suppose 3*g - 339 = -2*c - m*g, -5*c + g = -807. Calculate the highest common factor of c and 18.
18
Suppose -2*p + 5*p - 72 = 0. Let n = p - 9. Let y be 6*(-5)/(n/(-6)). Calculate the greatest common factor of 48 and y.
12
Let n be 346/8 + (-8 - (-175)/20). Calculate the greatest common divisor of n and 484.
44
Suppose -3*w + 1 = 4*a, 4*w - w - 13 = 2*a. Suppose 10 = 5*f - 125. What is the highest common factor of w and f?
3
Let o = 28 + -15. What is the highest common divisor of o and 208?
13
Let z(g) = -g**3 + 10*g**2 - 4*g - 3. Let s be z(9). What is the highest common factor of 294 and s?
42
Suppose -4*r + 5*b + 678 = 0, -r - 6*b + 174 = -5*b. What is the greatest common factor of r and 10?
2
Suppose o - 41 = -4*d, 4*d = 7*o - 4*o + 53. What is the highest common divisor of d and 77?
11
Suppose -a = -3*x + 5*x - 11, -4*x = -3*a + 33. Suppose -o - 2*c = 3*c - 22, 0 = -3*o - 5*c + 66. Calculate the greatest common factor of a and o.
11
Let m = 127 - 87. Suppose -2*x + m = -4*x. Let r = x + 32. What is the greatest common divisor of 96 and r?
12
Let w(d) = 2*d**2 - 6*d + 4. Let x be w(5). Let n = -1462 + 1470. Calculate the greatest common divisor of x and n.
8
Let o = -90 + 131. What is the greatest common divisor of 533 and o?
41
Let x = 253 + 118. Calculate the highest common factor of 265 and x.
53
Let v be (406/10)/7 + (-4)/5. Calculate the greatest common divisor of v and 70.
5
Let y(n) = n**3 + 5*n**2 - n - 8. Let w be y(-4). Calculate the greatest common divisor of 204 and w.
12
Let n(z) = z - 8. Let d be n(10). Suppose -8 = -0*q - d*q. Suppose 30 + 18 = q*b. What is the greatest common factor of b and 108?
12
Suppose -4*t - 20 = 5*i, 4*t + 20 = i - 0*i. Suppose i = 5*a - 2*a - 165. Calculate the highest common factor of 605 and a.
55
Suppose -4*v - 54 = -s, 5*v + 12 = -3. Calculate the greatest common factor of s and 18.
6
Suppose -2*z - w + 15 = -46, -z = -2*w - 38. Let j = 963 + -739. Calculate the greatest common factor of z and j.
32
Let l(d) = 5*d + 10. Let x be (-3)/((2/(-4))/((-12)/(-8))). Let n be l(x). Suppose 0 = 4*i + 12 - 100. What is the greatest common divisor of n and i?
11
Let s(q) = -12*q - 1. Let g(x) = -24*x - 3. Let v(y) = -4*g(y) + 9*s(y). Let w be v(-1). What is the greatest common factor of w and 20?
5
Suppose -12*i = -92 - 40. What is the highest common factor of 341 and i?
11
Suppose -11*f = -19*f + 56. What is the highest common factor of f and 147?
7
Let t(d) = d**3 - 11*d + 84. Let a be t(0). Calculate the greatest common divisor of 147 and a.
21
Let p(l) = l**3 - 15*l**2 - 5*l - 21. Let s = 28 + -12. Let q be p(s). Calculate the highest common divisor of q and 62.
31
Let p(u) = u**3 + u**2 - 4*u + 198. Let l be p(0). Calculate the greatest common factor of 44 and l.
22
Suppose 7*c - 6*c = 14. Let z = c + -9. What is the greatest common factor of z and 55?
5
Let t = 0 + 0. Suppose t*r - 3*o = -5*r + 557, -332 = -3*r + 4*o. Let w(f) = -322*f - 1272. Let y be w(-4). Calculate the greatest common divisor of r and y.
16
Suppose -3*z + 243 = -3*l, l + 321 = 5*z - z. Suppose 5*q = -4*t - 199, -8*t + 3*t - 236 = 2*q. Let u = t - -56. What is the greatest common divisor of u and z?
10
Let j(f) = -f**3 - f + 26. Suppose -9 = -4*b + 3*g, -2*b + 4*g - 15 = 9*g. Let s be j(b). Calculate the highest common divisor of 286 and s.
26
Let n be (-3)/((-6)/4) - 2. Let h(x) = -x**3 - x**2 - 2. Let z be h(n). Let m be (33 - 5)*(-1)/z. Calculate the greatest common divisor of 14 and m.
14
Suppose 36*y = 37*y + 41. Let d = 75 + y. Let m be (-1)/4 + (-69)/(-4). Calculate the greatest common divisor of d and m.
17
Let n be (-8)/40 + ((-356)/(-10))/(-2). Let u(c) = 2*c**2 + 37*c + 24. Let g be u(n). What is the highest common divisor of g and 14?
2
Let j be ((-30)/(-4) + 2)*2. Let i = 5071 - 5014. Calculate the greatest common factor of i and j.
19
Let v be (8 + -2)/2 - -37. Let u be (-15)/(-8) + 5/v. What is the highest common divisor of u and 16?
2
Suppose -5*l = -9*l. Let c be (-3 + (-36)/(-8))*(20 - l). Calculate the greatest common divisor of 3 and c.
3
Let m = 748 + -660. Calculate the greatest common factor of m and 132.
44
Suppose 6*a + 48 = 9*a. Let w(u) = -u**3 + 17*u**2 - 14*u - 22. Let g be w(a). What is the highest common divisor of g and 90?
10
Let q(t) = t**2 + 2. Let i be q(-4). Let l be (-1)/((-2)/i*(4 - 1)). What is the highest common factor of l and 24?
3
Let z = -156 - -162. Calculate the greatest common divisor of 6 and z.
6
Suppose 3*t - 3*z = 105, -12*z + 5 = -11*z. Calculate the highest common factor of 35 and t.
5
Let k(w) be the third derivative of -11/12*w**4 - 3*w**2 + 0*w + 0 - 2*w**3. Let n be k(-10). Calculate the highest common factor of 26 and n.
26
Suppose 3*l - 3*y - 24 = 0, 4*y - 6*y = 2*l. Suppose -180 = -3*b + b + l*r, -3*b + r = -295. What is the greatest common factor of b and 40?
20
Suppose -g - 275 - 1488 = 4*r, -2*g + 2 = 0. Let w = 623 + r. What is the highest common divisor of 26 and w?
26
Suppose -1 = -z + 3. Let w be z*((-30)/4)/(-3). Calculate the greatest common factor of 10 and w.
10
Let t be ((-4)/16)/(9/(-1152)). Let j be (3 + 7)*176/5. What is the greatest common divisor of t and j?
32
Let f be (-15)/2*(-14)/21. Let z be (5/(-20)*f)/((-2)/16). What is the highest common divisor of 110 and z?
10
Let d = 547 + -546. What is the greatest common factor of d and 51?
1
Let u be -32*(-4 - -5)/(-2). Let i = u - 1. What is the greatest common divisor of 15 and i?
15
Suppose 16*k = -26*k + 882. Calculate the greatest common factor of k and 357.
21
Suppose 0 = -2*s + 11 - 5. Suppose 5*k - 5*z - 230 = 0, 4*k + s*z = 328 - 123. What is the greatest common factor of 7 and k?
7
Let c = -574 + 582. Let d be 5 + (-2)/(-4)*0. Let y(a) = a**3 - 3*a**2 + 3*a + 7. Let u be y(d). What is the highest common factor of u and c?
8
Let b(y) = 311*y**2 - 311*y**2 - 2*y**3 + 2. Let h = -6 - -3. Let g be b(h). Calculate the highest common divisor of 7 and g.
7
Let v(o) = o**2 - 2*o + 10. Let h be v(-8). Let r = -72 + h. Calculate the highest common factor of r and 198.
18
Let j = -99 + 134. Suppose -5*p - 4 + 11 = -3*y, -3 = -3*y. Suppose -p*o + j = -9. What is the highest common factor of o and 242?
22
Suppose -2*s + 0*s - 4*u + 152 = 0, 0 = -5*u - 10. What is the highest common factor of 32 and s?
16
Suppose 0 = 35*s + 29*s - 1152. What is the highest common factor of 477 and s?
9
Let n be (30/(-20))/(2/4). Let g be n/12 - 325/(-20). What is the greatest common factor of g and 4?
4
Let f be 10/(-25) + 1310/25. Calculate the gre